-406304503 - 5?
-406304511
In base 12, what is 0 - 134a986?
-134a986
In base 5, what is 24344 - 20432?
3412
In base 12, what is -2 - -11287660?
1128765a
In base 9, what is 1243232 + 161?
1243403
In base 11, what is -14a261 - -14?
-14a248
In base 16, what is -aed2 - -78?
-ae5a
In base 6, what is 45 + 34104132?
34104221
In base 7, what is 12 + 2444334?
2444346
In base 7, what is 602402 - -2040?
604442
In base 16, what is 7076ab3 - -4?
7076ab7
In base 12, what is 106 + -9a1524?
-9a141a
In base 2, what is -10 - 1001001110111010101000001110?
-1001001110111010101000010000
In base 2, what is -101 - -10000100000000011111000101?
10000100000000011111000000
In base 8, what is -3240 - -141736?
136476
In base 14, what is 1 + -792ac1a?
-792ac19
In base 13, what is -3a71 + -244?
-3cb5
In base 12, what is -160b7a + -3b?
-160bb9
In base 10, what is -111 + -313381?
-313492
In base 3, what is 10210 + 100210112222?
100210200202
In base 3, what is 11211222 - -2120022210?
2202011202
In base 9, what is -3847 + -705?
-4653
In base 11, what is -12 + -9585a01?
-9585a13
In base 11, what is 1023341 + -12a?
1023212
In base 10, what is 7647 - 2068?
5579
In base 12, what is 48 + -26189a0?
-2618954
In base 6, what is -1404314 + -350?
-1405104
In base 3, what is 1120 - 1110212112001?
-1110212110111
In base 7, what is 0 - 1012553545?
-1012553545
In base 15, what is 991738 + e?
991747
In base 7, what is 1 - 55161302?
-55161301
In base 12, what is -4bb9226 + 24?
-4bb9202
In base 10, what is -2115 + 545?
-1570
In base 6, what is -1 + 44553051501?
44553051500
In base 12, what is 850b + -2ba1?
552a
In base 5, what is -3 - -21431020233?
21431020230
In base 7, what is 4501 - -116115?
123616
In base 8, what is 15036 - 123537?
-106501
In base 2, what is 11101110111 + 100101100001100101?
100101111111011100
In base 9, what is -243 + 72787?
72544
In base 6, what is 43522031 + 252?
43522323
In base 16, what is -4498df7 + 5?
-4498df2
In base 16, what is 5 + 9ee53d?
9ee542
In base 4, what is 222200 + -11100?
211100
In base 6, what is 1150410441 - 5?
1150410432
In base 8, what is -2166 + 10570?
6402
In base 14, what is -3891 - -473?
-341c
In base 12, what is 258414 + 107?
25851b
In base 2, what is 101100011011 - -11001011110011111?
11010001010111010
In base 6, what is 45404 - -103015?
152423
In base 2, what is 1 + 10011111100000011010110111?
10011111100000011010111000
In base 7, what is 10630 - 54513?
-43553
In base 7, what is 3436610 + 526?
3440436
In base 16, what is -26c2 - cdea?
-f4ac
In base 15, what is 4b - -80828?
80874
In base 3, what is -2012120000 - -100000?
-2012020000
In base 13, what is 2abb21c9 - -1?
2abb21ca
In base 11, what is -1a + -120003?
-120022
In base 2, what is 10101011001001 - -1110011000?
10111001100001
In base 5, what is -13411 + -11314?
-30230
In base 7, what is 15412316 - 33?
15412253
In base 2, what is 1 - 100100111000110111101011?
-100100111000110111101010
In base 12, what is 744a3 + -b?
74494
In base 7, what is -11214 + -133120?
-144334
In base 8, what is -576723 + -54?
-576777
In base 10, what is 2256 - -697?
2953
In base 9, what is -326001373 + 5?
-326001367
In base 4, what is 31310211 - 220?
31303331
In base 16, what is -1df1ee5b - -5?
-1df1ee56
In base 6, what is -1552 - -253100?
251104
In base 11, what is -25590211 + -1?
-25590212
In base 13, what is 8 - -176b8ca?
176b905
In base 5, what is 30223 - -123201423?
123232201
In base 4, what is 12130 + -1031301111?
-1031222321
In base 11, what is 277a + 9828?
114a7
In base 16, what is -c10ba - -6?
-c10b4
In base 8, what is 4 - -726325005?
726325011
In base 7, what is 102111 - -43?
102154
In base 15, what is 3 - -1c7d253?
1c7d256
In base 4, what is 233023 - -2100302?
2333331
In base 8, what is 366 - 16575037?
-16574451
In base 5, what is -1222110 - -14104?
-1203001
In base 2, what is -101111010011101101101011010 - -11?
-101111010011101101101010111
In base 16, what is -39be54e + 0?
-39be54e
In base 3, what is 10012 - 1002020101021?
-1002020021002
In base 6, what is 333 + -242511044?
-242510311
In base 9, what is -645210 - -215?
-644884
In base 5, what is 10 - -2031333043?
2031333103
In base 3, what is 122 + 1111012010120?
1111012011012
In base 5, what is -200233 - 414?
-201202
In base 7, what is -122142 + 51525?
-40314
In base 16, what is 12ac0 - -5?
12ac5
In base 16, what is -4c - -191bc?
19170
In base 8, what is -3 - -350643?
350640
In base 5, what is 1133133 + -14302?
1113331
In base 8, what is 743 - 503164?
-502221
In base 6, what is 4120550 + -1402?
4115144
In base 3, what is -10022020202001122 - 10?
-10022020202001202
In base 10, what is -3304 + 17027?
13723
In base 14, what is 6 - b888?
-b882
In base 6, what is 1042100114 - -1?
1042100115
In base 6, what is 133544 + 123531?
301515
In base 16, what is 70a + 6db0?
74ba
In base 5, what is 0 + 40311202?
40311202
In base 13, what is -359a + c6?
-34a4
In base 7, what is 25 - 14062155?
-14062130
In base 7, what is -21155 - -22100?
612
In base 3, what is -1 + 10212211002112?
10212211002111
In base 13, what is -1c30a50 + -3?
-1c30a53
In base 6, what is 15131310 + 20?
15131330
In base 13, what is -33b0 + -622?
-3a02
In base 16, what is -c - 89d43?
-89d4f
In base 15, what is 16636301 + 3?
16636304
In base 7, what is 141615346 + 10?
141615356
In base 2, what is -11 + -111011011011110110000?
-111011011011110110011
In base 2, what is -10111010010 + -1101100011001001101?
-1101100110000011111
In base 9, what is -13 - 485201?
-485214
In base 6, what is -113113313 - -532?
-113112341
In base 15, what is 14d + 12db08?
12dc56
In base 16, what is -871842 + 1?
-871841
In base 8, what is -22402712 + 105?
-22402605
In base 15, what is -72a6 + -dc3?
-8179
In base 11, what is a437833 + 0?
a437833
In base 15, what is 2699 + -49?
2650
In base 15, what is -497 - 487d?
-4d25
In base 13, what is -8 - -353966?
35395b
In base 7, what is 23433 + -6036?
14364
In base 6, what is 2 + -20022244133?
-20022244131
In base 12, what is 86089 + 298?
86365
In base 2, what is 11011100010111 - 10001100?
11011010001011
In base 10, what is 10041 + -625?
9416
In base 11, what is 44a4a088 - a?
44a4a079
In base 15, what is -3 + 47121d?
47121a
In base 16, what is -6f7 + -f1e?
-1615
In base 9, what is 5101 - 7600?
-2488
In base 8, what is -325 + 11137640?
11137313
In base 11, what is 1640aa - 369?
163841
In base 15, what is 158344 + -44?
158300
In base 12, what is 3a95 + -97?
39ba
In base 8, what is 2077171 + -270?
2076701
In base 11, what is 0 + -30114795?
-30114795
In base 15, what is -28 - -7bb98a?
7bb962
In base 9, what is -6541 - 153307?
-160848
In base 13, what is ba49a7 - 25?
ba4982
In base 3, what is -20202 - -20111211120?
20111120211
In base 3, what is -22 - -1022122012000221?
1022122012000122
In base 6, what is -212341 + 4012?
-204325
In base 4, what is -3 - 21232012100?
-21232012103
In base 5, what is -222433303 + 100?
-222433203
In base 16, what is -d7 - -25927f?
2591a8
In base 13, what is 9005b5 + 222?
900807
In base 3, what is 2000012102100 - -122110?
2000020001210
In base 14, what is 41d73 - -17?
41d8a
In base 10, what is -2 + -96910663?
-96910665
In base 15, what is -1184b4 - -9?
-1184aa
In base 6, what is -103324 + -1145102?
-1252430
In base 2, what is -10 + -111001011110001011000110?
-111001011110001011001000
In base 4, what is -220 - 303323301?
-303330121
In base 10, what is -117680 - 1778?
-119458
In base 2, what is -1000100111 - 1111010000000001110?
-1111010001000110101
In base 2, what is 101 - 1011101001110001001101?
-1011101001110001001000
In base 2, what is 100 - 10111011011000010000010010?
-10111011011000010000001110
In base 9, what is -570778 + 0?
-570778
In base 8, what is -4 + 3755056?
3755052
In base 5, what is 3 + -32241334003?
-32241334000
In base 16, what is 191b38 + 1?
191b39
In base 5, what is 133 - -34023220?
34023403
In base 9, what is -253 - 266317?
-266571
In base 16, what is -8f64 - ed0?
-9e34
In base 12, what is -641 + 2b1a?
2499
In base 16, what is -25cbaba - 1?
-25cbabb
In base 10, what is 9664790 - 17?
9664773
In base 6, what is 1 - -412243453?
412243454
In base 15, what is 1a - 3a67b1?
-3a6796
In base 4, what is 2 + 22333302322?
22333302330
In base 6, what is 1005445 + 254?
1010143
In base 9, what is 24 + 11564271?
11564305
In base 12, what is 5 + -209653a?
-20965